e highest common divisor of 1355 and 45?
5
Calculate the highest common factor of 222 and 6.
6
What is the greatest common divisor of 115 and 3335?
115
What is the highest common divisor of 145 and 15?
5
What is the highest common divisor of 74 and 14726?
74
What is the highest common factor of 4 and 524?
4
What is the greatest common divisor of 40 and 1140?
20
Calculate the highest common divisor of 26138 and 14.
14
What is the highest common divisor of 228 and 1178?
38
Calculate the greatest common factor of 294 and 280.
14
Calculate the greatest common divisor of 230 and 368.
46
What is the highest common divisor of 452 and 6893?
113
What is the highest common divisor of 22 and 198?
22
What is the greatest common factor of 276 and 24?
12
What is the highest common divisor of 30 and 786?
6
What is the highest common factor of 22 and 2?
2
Calculate the highest common divisor of 492 and 1148.
164
Calculate the greatest common factor of 15540 and 60.
60
Calculate the greatest common divisor of 1 and 67.
1
What is the greatest common divisor of 1575 and 875?
175
Calculate the highest common factor of 266 and 3094.
14
Calculate the greatest common factor of 286 and 260.
26
Calculate the highest common divisor of 588 and 12.
12
What is the greatest common divisor of 8178 and 2820?
282
Calculate the greatest common factor of 22 and 242.
22
What is the highest common factor of 203 and 7105?
203
What is the greatest common divisor of 15 and 11145?
15
Calculate the highest common factor of 309 and 515.
103
What is the greatest common factor of 36 and 8388?
36
What is the highest common divisor of 366 and 5246?
122
Calculate the greatest common divisor of 13836 and 48.
12
What is the greatest common factor of 630 and 245?
35
What is the highest common factor of 5133 and 348?
87
Calculate the greatest common divisor of 1343 and 474.
79
Calculate the greatest common factor of 88 and 2156.
44
What is the highest common factor of 4072 and 40?
8
What is the highest common factor of 423 and 9?
9
Calculate the greatest common divisor of 28 and 12292.
28
What is the greatest common divisor of 136 and 12?
4
Calculate the highest common divisor of 91 and 793.
13
What is the greatest common factor of 48 and 15?
3
What is the greatest common divisor of 36 and 16?
4
What is the highest common divisor of 18 and 2502?
18
What is the highest common divisor of 196 and 539?
49
What is the highest common factor of 30 and 150?
30
Calculate the highest common factor of 48 and 132.
12
What is the greatest common divisor of 106 and 583?
53
What is the greatest common divisor of 392 and 294?
98
Calculate the greatest common divisor of 588 and 12.
12
Calculate the highest common factor of 1140 and 75.
15
What is the highest common divisor of 17 and 153?
17
What is the greatest common divisor of 5215 and 35?
35
Calculate the greatest common divisor of 2295 and 10.
5
Calculate the greatest common factor of 125 and 25.
25
What is the greatest common divisor of 176 and 11?
11
What is the highest common factor of 93 and 1488?
93
What is the highest common factor of 13 and 39?
13
What is the highest common divisor of 11 and 187?
11
Calculate the highest common factor of 69 and 12.
3
Calculate the greatest common factor of 3 and 25.
1
Calculate the greatest common divisor of 11421 and 47.
47
Calculate the highest common divisor of 1692 and 24.
12
Calculate the greatest common factor of 208 and 3952.
208
What is the greatest common factor of 5 and 155?
5
What is the highest common divisor of 48 and 81?
3
Calculate the highest common factor of 15 and 2055.
15
Calculate the highest common factor of 627 and 66.
33
Calculate the highest common divisor of 33 and 22803.
33
Calculate the greatest common divisor of 310 and 50.
10
What is the highest common divisor of 836 and 28?
4
Calculate the greatest common divisor of 5599 and 11.
11
What is the highest common divisor of 1116 and 36?
36
Calculate the greatest common divisor of 36 and 9468.
36
What is the highest common factor of 60 and 150?
30
Calculate the highest common factor of 1428 and 168.
84
What is the highest common factor of 232 and 32?
8
Calculate the greatest common factor of 22 and 1419.
11
Calculate the greatest common factor of 4450 and 178.
178
Calculate the greatest common factor of 162 and 144.
18
What is the greatest common divisor of 156 and 3588?
156
What is the greatest common factor of 1044 and 5?
1
What is the greatest common divisor of 156 and 364?
52
What is the greatest common divisor of 118 and 7906?
118
Calculate the highest common divisor of 63 and 18.
9
What is the greatest common divisor of 18 and 1926?
18
Calculate the greatest common divisor of 51824 and 158.
158
Calculate the highest common factor of 374 and 154.
22
Calculate the highest common divisor of 609 and 2349.
87
Calculate the highest common divisor of 21366 and 18.
18
What is the greatest common factor of 8989 and 303?
101
What is the highest common divisor of 34 and 8?
2
Calculate the highest common divisor of 36 and 42.
6
Calculate the highest common divisor of 285 and 6.
3
Calculate the greatest common factor of 42 and 70.
14
Calculate the greatest common divisor of 10441 and 265.
53
Calculate the highest common divisor of 330 and 44385.
165
Calculate the highest common divisor of 429 and 33.
33
Calculate the greatest common factor of 3 and 2127.
3
Calculate the greatest common divisor of 25 and 275.
25
What is the highest common divisor of 848 and 16?
16
What is the greatest common divisor of 6193 and 11?
11
Calculate the highest common factor of 150 and 2570.
10
Calculate the greatest common factor of 2660 and 280.
140
What is the highest common divisor of 4 and 12?
4
What is the highest common divisor of 13 and 4?
1
What is the greatest common divisor of 56 and 14?
14
Calculate the highest common factor of 168 and 224.
56
Calculate the highest common factor of 101 and 4949.
101
Calculate the greatest common factor of 198 and 9636.
66
What is the highest common divisor of 106 and 2?
2
What is the highest common divisor of 1232 and 752?
16
What is the highest common divisor of 405 and 108?
27
Calculate the highest common factor of 623 and 801.
89
Calculate the highest common divisor of 94 and 6.
2
What is the greatest common divisor of 14 and 182?
14
What is the greatest common factor of 12 and 332?
4
Calculate the highest common factor of 7313 and 206.
103
Calculate the greatest common divisor of 328 and 3608.
328
Calculate the greatest common divisor of 108 and 1692.
36
What is the greatest common divisor of 33 and 3201?
33
What is the highest common divisor of 3381 and 69?
69
Calculate the greatest common factor of 22 and 946.
22
Calculate the greatest common divisor of 42 and 20706.
42
Calculate the highest common divisor of 3944 and 102.
34
What is the greatest common factor of 35 and 280?
35
Calculate the greatest common divisor of 15257 and 38.
19
What is the greatest common divisor of 115 and 3335?
115
What is the greatest common factor of 215 and 29885?
215
Calculate the greatest common divisor of 15 and 6300.
15
What is the highest common factor of 161 and 92?
23
What is the greatest common factor of 225 and 5715?
45
Calculate the greatest common factor of 90 and 225.
45
What is the highest common divisor of 28 and 1666?
14
Calculate the greatest common divisor of 11 and 11.
11
Calculate the highest common divisor of 62 and 122.
2
Calculate the highest common factor of 80 and 27440.
80
Calculate the highest common factor of 416 and 1184.
32
What is the highest common divisor of 61 and 244?
61
Calculate the highest common divisor of 5730 and 30.
30
What is the highest common factor of 17304 and 112?
56
What is the greatest common divisor of 580 and 1276?
116
Calculate the greatest common factor of 13936 and 48.
16
What is the highest common divisor of 540 and 40?
20
What is the highest common factor of 64 and 2?
2
What is the highest common factor of 27 and 1188?
27
What is the highest common divisor of 836 and 209?
209
Calculate the highest common divisor of 102 and 30.
6
What is the highest common factor of 31 and 2573?
31
What is the highest common divisor of 1728 and 27?
27
What is the highest common factor of 220 and 33?
1